{"id":448,"date":"2019-11-03T16:37:03","date_gmt":"2019-11-03T16:37:03","guid":{"rendered":"https:\/\/koellich.at\/?page_id=448"},"modified":"2019-11-04T14:38:13","modified_gmt":"2019-11-04T14:38:13","slug":"glaube","status":"publish","type":"page","link":"https:\/\/koellich.at\/index.php\/glaube\/","title":{"rendered":"Sinnhaftigkeit"},"content":{"rendered":"\n<blockquote class=\"wp-block-quote is-layout-flow wp-block-quote-is-layout-flow\"><p>&#8222;Ich glaube, dass ich f\u00fcr die Sinnhaftigkeit oder Sinnlosigkeit des Lebens nicht verantwortlich bin, dass ich aber daf\u00fcr verantwortlich bin, was ich selber mit meinem eigenen, einmaligen Leben anfange.&#8220;<\/p><cite>Hermann Hesse<\/cite><\/blockquote>\n","protected":false},"excerpt":{"rendered":"<p>&#8222;Ich glaube, dass ich f\u00fcr die Sinnhaftigkeit oder Sinnlosigkeit des Lebens nicht verantwortlich bin, dass ich aber daf\u00fcr verantwortlich bin, was ich selber mit meinem eigenen, einmaligen Leben anfange.&#8220; Hermann Hesse<\/p>\n","protected":false},"author":1,"featured_media":0,"parent":0,"menu_order":0,"comment_status":"closed","ping_status":"closed","template":"","meta":{"_uag_custom_page_level_css":"","site-sidebar-layout":"default","site-content-layout":"default","ast-site-content-layout":"","site-content-style":"default","site-sidebar-style":"default","ast-global-header-display":"","ast-banner-title-visibility":"","ast-main-header-display":"","ast-hfb-above-header-display":"","ast-hfb-below-header-display":"","ast-hfb-mobile-header-display":"","site-post-title":"","ast-breadcrumbs-content":"","ast-featured-img":"","footer-sml-layout":"","theme-transparent-header-meta":"default","adv-header-id-meta":"","stick-header-meta":"","header-above-stick-meta":"","header-main-stick-meta":"","header-below-stick-meta":"","astra-migrate-meta-layouts":"default","ast-page-background-enabled":"default","ast-page-background-meta":{"desktop":{"background-color":"","background-image":"","background-repeat":"repeat","background-position":"center center","background-size":"auto","background-attachment":"scroll","background-type":"","background-media":"","overlay-type":"","overlay-color":"","overlay-opacity":"","overlay-gradient":""},"tablet":{"background-color":"","background-image":"","background-repeat":"repeat","background-position":"center center","background-size":"auto","background-attachment":"scroll","background-type":"","background-media":"","overlay-type":"","overlay-color":"","overlay-opacity":"","overlay-gradient":""},"mobile":{"background-color":"","background-image":"","background-repeat":"repeat","background-position":"center center","background-size":"auto","background-attachment":"scroll","background-type":"","background-media":"","overlay-type":"","overlay-color":"","overlay-opacity":"","overlay-gradient":""}},"ast-content-background-meta":{"desktop":{"background-color":"var(--ast-global-color-5)","background-image":"","background-repeat":"repeat","background-position":"center center","background-size":"auto","background-attachment":"scroll","background-type":"","background-media":"","overlay-type":"","overlay-color":"","overlay-opacity":"","overlay-gradient":""},"tablet":{"background-color":"var(--ast-global-color-5)","background-image":"","background-repeat":"repeat","background-position":"center center","background-size":"auto","background-attachment":"scroll","background-type":"","background-media":"","overlay-type":"","overlay-color":"","overlay-opacity":"","overlay-gradient":""},"mobile":{"background-color":"var(--ast-global-color-5)","background-image":"","background-repeat":"repeat","background-position":"center center","background-size":"auto","background-attachment":"scroll","background-type":"","background-media":"","overlay-type":"","overlay-color":"","overlay-opacity":"","overlay-gradient":""}},"footnotes":""},"class_list":["post-448","page","type-page","status-publish","hentry"],"yoast_head":"<!-- This site is optimized with the Yoast SEO plugin v24.9 - https:\/\/yoast.com\/wordpress\/plugins\/seo\/ -->\n<title>Sinnhaftigkeit - Ing. Johann K\u00f6llich<\/title>\n<meta name=\"robots\" content=\"index, follow, max-snippet:-1, max-image-preview:large, max-video-preview:-1\" \/>\n<link rel=\"canonical\" href=\"https:\/\/koellich.at\/index.php\/glaube\/\" \/>\n<meta property=\"og:locale\" content=\"de_DE\" \/>\n<meta property=\"og:type\" content=\"article\" \/>\n<meta property=\"og:title\" content=\"Sinnhaftigkeit - Ing. Johann K\u00f6llich\" \/>\n<meta property=\"og:description\" content=\"&#8222;Ich glaube, dass ich f\u00fcr die Sinnhaftigkeit oder Sinnlosigkeit des Lebens nicht verantwortlich bin, dass ich aber daf\u00fcr verantwortlich bin, was ich selber mit meinem eigenen, einmaligen Leben anfange.&#8220; Hermann Hesse\" \/>\n<meta property=\"og:url\" content=\"https:\/\/koellich.at\/index.php\/glaube\/\" \/>\n<meta property=\"og:site_name\" content=\"Ing. Johann K\u00f6llich\" \/>\n<meta property=\"article:modified_time\" content=\"2019-11-04T14:38:13+00:00\" \/>\n<meta name=\"twitter:card\" content=\"summary_large_image\" \/>\n<script type=\"application\/ld+json\" class=\"yoast-schema-graph\">{\"@context\":\"https:\/\/schema.org\",\"@graph\":[{\"@type\":\"WebPage\",\"@id\":\"https:\/\/koellich.at\/index.php\/glaube\/\",\"url\":\"https:\/\/koellich.at\/index.php\/glaube\/\",\"name\":\"Sinnhaftigkeit - Ing. Johann K\u00f6llich\",\"isPartOf\":{\"@id\":\"https:\/\/koellich.at\/#website\"},\"datePublished\":\"2019-11-03T16:37:03+00:00\",\"dateModified\":\"2019-11-04T14:38:13+00:00\",\"breadcrumb\":{\"@id\":\"https:\/\/koellich.at\/index.php\/glaube\/#breadcrumb\"},\"inLanguage\":\"de\",\"potentialAction\":[{\"@type\":\"ReadAction\",\"target\":[\"https:\/\/koellich.at\/index.php\/glaube\/\"]}]},{\"@type\":\"BreadcrumbList\",\"@id\":\"https:\/\/koellich.at\/index.php\/glaube\/#breadcrumb\",\"itemListElement\":[{\"@type\":\"ListItem\",\"position\":1,\"name\":\"Home\",\"item\":\"https:\/\/koellich.at\/\"},{\"@type\":\"ListItem\",\"position\":2,\"name\":\"Sinnhaftigkeit\"}]},{\"@type\":\"WebSite\",\"@id\":\"https:\/\/koellich.at\/#website\",\"url\":\"https:\/\/koellich.at\/\",\"name\":\"Ing. Johann K\u00f6llich\",\"description\":\"Menschen begeistern\",\"publisher\":{\"@id\":\"https:\/\/koellich.at\/#organization\"},\"potentialAction\":[{\"@type\":\"SearchAction\",\"target\":{\"@type\":\"EntryPoint\",\"urlTemplate\":\"https:\/\/koellich.at\/?s={search_term_string}\"},\"query-input\":{\"@type\":\"PropertyValueSpecification\",\"valueRequired\":true,\"valueName\":\"search_term_string\"}}],\"inLanguage\":\"de\"},{\"@type\":\"Organization\",\"@id\":\"https:\/\/koellich.at\/#organization\",\"name\":\"Ing. Johann K\u00f6llich\",\"url\":\"https:\/\/koellich.at\/\",\"logo\":{\"@type\":\"ImageObject\",\"inLanguage\":\"de\",\"@id\":\"https:\/\/koellich.at\/#\/schema\/logo\/image\/\",\"url\":\"https:\/\/koellich.at\/wp-content\/uploads\/2019\/11\/cropped-energiefeld_red4_139_0_0_unternehmensberatung-e1574594792497.png\",\"contentUrl\":\"https:\/\/koellich.at\/wp-content\/uploads\/2019\/11\/cropped-energiefeld_red4_139_0_0_unternehmensberatung-e1574594792497.png\",\"width\":60,\"height\":59,\"caption\":\"Ing. Johann K\u00f6llich\"},\"image\":{\"@id\":\"https:\/\/koellich.at\/#\/schema\/logo\/image\/\"}}]}<\/script>\n<!-- \/ Yoast SEO plugin. -->","yoast_head_json":{"title":"Sinnhaftigkeit - Ing. Johann K\u00f6llich","robots":{"index":"index","follow":"follow","max-snippet":"max-snippet:-1","max-image-preview":"max-image-preview:large","max-video-preview":"max-video-preview:-1"},"canonical":"https:\/\/koellich.at\/index.php\/glaube\/","og_locale":"de_DE","og_type":"article","og_title":"Sinnhaftigkeit - Ing. Johann K\u00f6llich","og_description":"&#8222;Ich glaube, dass ich f\u00fcr die Sinnhaftigkeit oder Sinnlosigkeit des Lebens nicht verantwortlich bin, dass ich aber daf\u00fcr verantwortlich bin, was ich selber mit meinem eigenen, einmaligen Leben anfange.&#8220; Hermann Hesse","og_url":"https:\/\/koellich.at\/index.php\/glaube\/","og_site_name":"Ing. Johann K\u00f6llich","article_modified_time":"2019-11-04T14:38:13+00:00","twitter_card":"summary_large_image","schema":{"@context":"https:\/\/schema.org","@graph":[{"@type":"WebPage","@id":"https:\/\/koellich.at\/index.php\/glaube\/","url":"https:\/\/koellich.at\/index.php\/glaube\/","name":"Sinnhaftigkeit - Ing. Johann K\u00f6llich","isPartOf":{"@id":"https:\/\/koellich.at\/#website"},"datePublished":"2019-11-03T16:37:03+00:00","dateModified":"2019-11-04T14:38:13+00:00","breadcrumb":{"@id":"https:\/\/koellich.at\/index.php\/glaube\/#breadcrumb"},"inLanguage":"de","potentialAction":[{"@type":"ReadAction","target":["https:\/\/koellich.at\/index.php\/glaube\/"]}]},{"@type":"BreadcrumbList","@id":"https:\/\/koellich.at\/index.php\/glaube\/#breadcrumb","itemListElement":[{"@type":"ListItem","position":1,"name":"Home","item":"https:\/\/koellich.at\/"},{"@type":"ListItem","position":2,"name":"Sinnhaftigkeit"}]},{"@type":"WebSite","@id":"https:\/\/koellich.at\/#website","url":"https:\/\/koellich.at\/","name":"Ing. Johann K\u00f6llich","description":"Menschen begeistern","publisher":{"@id":"https:\/\/koellich.at\/#organization"},"potentialAction":[{"@type":"SearchAction","target":{"@type":"EntryPoint","urlTemplate":"https:\/\/koellich.at\/?s={search_term_string}"},"query-input":{"@type":"PropertyValueSpecification","valueRequired":true,"valueName":"search_term_string"}}],"inLanguage":"de"},{"@type":"Organization","@id":"https:\/\/koellich.at\/#organization","name":"Ing. Johann K\u00f6llich","url":"https:\/\/koellich.at\/","logo":{"@type":"ImageObject","inLanguage":"de","@id":"https:\/\/koellich.at\/#\/schema\/logo\/image\/","url":"https:\/\/koellich.at\/wp-content\/uploads\/2019\/11\/cropped-energiefeld_red4_139_0_0_unternehmensberatung-e1574594792497.png","contentUrl":"https:\/\/koellich.at\/wp-content\/uploads\/2019\/11\/cropped-energiefeld_red4_139_0_0_unternehmensberatung-e1574594792497.png","width":60,"height":59,"caption":"Ing. Johann K\u00f6llich"},"image":{"@id":"https:\/\/koellich.at\/#\/schema\/logo\/image\/"}}]}},"uagb_featured_image_src":{"full":false,"thumbnail":false,"medium":false,"medium_large":false,"large":false,"1536x1536":false,"2048x2048":false},"uagb_author_info":{"display_name":"admin","author_link":"https:\/\/koellich.at\/index.php\/author\/hanskoellich\/"},"uagb_comment_info":0,"uagb_excerpt":"&#8222;Ich glaube, dass ich f\u00fcr die Sinnhaftigkeit oder Sinnlosigkeit des Lebens nicht verantwortlich bin, dass ich aber daf\u00fcr verantwortlich bin, was ich selber mit meinem eigenen, einmaligen Leben anfange.&#8220; Hermann Hesse","_links":{"self":[{"href":"https:\/\/koellich.at\/index.php\/wp-json\/wp\/v2\/pages\/448","targetHints":{"allow":["GET"]}}],"collection":[{"href":"https:\/\/koellich.at\/index.php\/wp-json\/wp\/v2\/pages"}],"about":[{"href":"https:\/\/koellich.at\/index.php\/wp-json\/wp\/v2\/types\/page"}],"author":[{"embeddable":true,"href":"https:\/\/koellich.at\/index.php\/wp-json\/wp\/v2\/users\/1"}],"replies":[{"embeddable":true,"href":"https:\/\/koellich.at\/index.php\/wp-json\/wp\/v2\/comments?post=448"}],"version-history":[{"count":2,"href":"https:\/\/koellich.at\/index.php\/wp-json\/wp\/v2\/pages\/448\/revisions"}],"predecessor-version":[{"id":458,"href":"https:\/\/koellich.at\/index.php\/wp-json\/wp\/v2\/pages\/448\/revisions\/458"}],"wp:attachment":[{"href":"https:\/\/koellich.at\/index.php\/wp-json\/wp\/v2\/media?parent=448"}],"curies":[{"name":"wp","href":"https:\/\/api.w.org\/{rel}","templated":true}]}}