{"id":273,"date":"2018-11-27T09:17:28","date_gmt":"2018-11-27T09:17:28","guid":{"rendered":"https:\/\/websitedemos.net\/discover-outdoors\/?page_id=6"},"modified":"2019-11-05T11:05:35","modified_gmt":"2019-11-05T11:05:35","slug":"services","status":"publish","type":"page","link":"https:\/\/koellich.at\/index.php\/services\/","title":{"rendered":"Location"},"content":{"rendered":"\n<section class=\"wp-block-uagb-section uagb-section__wrap uagb-section__background-image\" id=\"uagb-section-53928a8c-f713-48f9-9d33-5efe2af8b0c8\"><div class=\"uagb-section__overlay\"><\/div><div class=\"uagb-section__inner-wrap\">\n<div class=\"wp-block-uagb-advanced-heading\" id=\"uagb-adv-heading-3a77f9e5-c00a-4bc4-90fe-263dfe7932d9\"><h1 class=\"uagb-heading-text\">unsere Location<\/h1><p class=\"uagb-desc-text\"><\/p><\/div>\n<\/div><\/section>\n\n\n\n<section class=\"wp-block-uagb-section uagb-section__wrap uagb-section__background-color\" id=\"uagb-section-63e96d78-4872-447e-8f13-a16f9a92f00d\"><div class=\"uagb-section__overlay\"><\/div><div class=\"uagb-section__inner-wrap\">\n<div class=\"wp-block-uagb-advanced-heading\" id=\"uagb-adv-heading-add9d25d-23e3-43cd-ac7a-c53abc684225\"><h2 class=\"uagb-heading-text\">ES IST ZEIT, DIE RICHTIGEN DINGE RICHTIG ZU TUN.<\/h2><div class=\"uagb-separator-wrap\"><div class=\"uagb-separator\"><\/div><\/div><p class=\"uagb-desc-text\"><br> <br><em>Gegenseitige Wertsch\u00e4tzung zwischen allen Beteiligten sowie eine angemessene Wertsch\u00f6pfung hilft uns dabei, <br>Sinnvolles zu bewirken und im &#8222;Flow&#8220; gemeinsam etwas weiterzubringen.  <\/em><\/p><\/div>\n\n\n\n<p style=\"text-align:left\"><br><br><br><strong>ERLEBNISSEMINARANLAGE<\/strong><br>Sinnbilder der Natur und erlebnisorientierte Trainingsans\u00e4tze helfen dabei, in einer lockeren Atmosph\u00e4re Wissen und gemeinsam erarbeitete L\u00f6sungen zu verankern.<br>Mitten in der Natur, bewacht von der Hollenburg, liegt eine Seminaranlage der besonderen Art.<br>Zum Seminarraum geh\u00f6ren ein 2500 Quadratmeter gro\u00dfer Teich, ein auf Pf\u00e4hlen gebauter \u00fcberdachter Pavillon am Wasser, schwimmende Inseln f\u00fcr Gruppenarbeiten, ein Feuerplatz, ein Seminarraum in Form einer H\u00f6hle mit offenem Kamin und vieles anderes mehr.  <br>\u00dcber einen Barfu\u00dfparcours, der als Kommunikationslehrpfad angelegt ist, gelangt man zu einem ca. 5000 Quadratmeter gro\u00dfen Strategie-Entwicklungsplatz.<\/p>\n<\/div><\/section>\n\n\n\n<section class=\"wp-block-uagb-section uagb-section__wrap uagb-section__background-color\" id=\"uagb-section-84703dcf-e6ae-46a3-a1b9-7453890f113b\"><div class=\"uagb-section__overlay\"><\/div><div class=\"uagb-section__inner-wrap\">\n<div class=\"wp-block-columns has-2-columns is-layout-flex wp-container-core-columns-is-layout-28f84493 wp-block-columns-is-layout-flex\">\n<div class=\"wp-block-column is-layout-flow wp-block-column-is-layout-flow\">\n<div style=\"height:10px\" aria-hidden=\"true\" class=\"wp-block-spacer\"><\/div>\n\n\n\n<figure class=\"wp-block-image\"><img loading=\"lazy\" decoding=\"async\" width=\"1024\" height=\"633\" src=\"https:\/\/koellich.at\/wp-content\/uploads\/2019\/11\/Unbenanntes-Design-6-1024x633.jpg\" alt=\"\" class=\"wp-image-609\" srcset=\"https:\/\/koellich.at\/wp-content\/uploads\/2019\/11\/Unbenanntes-Design-6-1024x633.jpg 1024w, https:\/\/koellich.at\/wp-content\/uploads\/2019\/11\/Unbenanntes-Design-6-300x185.jpg 300w, https:\/\/koellich.at\/wp-content\/uploads\/2019\/11\/Unbenanntes-Design-6-768x475.jpg 768w, https:\/\/koellich.at\/wp-content\/uploads\/2019\/11\/Unbenanntes-Design-6.jpg 1618w\" sizes=\"auto, (max-width: 1024px) 100vw, 1024px\" \/><figcaption>Erlebnisseminaranlage<\/figcaption><\/figure>\n\n\n\n<figure class=\"wp-block-image\"><img loading=\"lazy\" decoding=\"async\" width=\"1024\" height=\"633\" src=\"https:\/\/koellich.at\/wp-content\/uploads\/2019\/11\/shutterstock_image-1-1024x633.jpg\" alt=\"\" class=\"wp-image-611\" srcset=\"https:\/\/koellich.at\/wp-content\/uploads\/2019\/11\/shutterstock_image-1-1024x633.jpg 1024w, https:\/\/koellich.at\/wp-content\/uploads\/2019\/11\/shutterstock_image-1-300x185.jpg 300w, https:\/\/koellich.at\/wp-content\/uploads\/2019\/11\/shutterstock_image-1-768x475.jpg 768w, https:\/\/koellich.at\/wp-content\/uploads\/2019\/11\/shutterstock_image-1.jpg 1618w\" sizes=\"auto, (max-width: 1024px) 100vw, 1024px\" \/><figcaption>Seminarraum in der H\u00f6hle<\/figcaption><\/figure>\n\n\n\n<figure class=\"wp-block-image\"><img loading=\"lazy\" decoding=\"async\" width=\"1024\" height=\"633\" src=\"https:\/\/koellich.at\/wp-content\/uploads\/2019\/11\/Unbenanntes-Design-4-1024x633.jpg\" alt=\"\" class=\"wp-image-617\" srcset=\"https:\/\/koellich.at\/wp-content\/uploads\/2019\/11\/Unbenanntes-Design-4-1024x633.jpg 1024w, https:\/\/koellich.at\/wp-content\/uploads\/2019\/11\/Unbenanntes-Design-4-300x185.jpg 300w, https:\/\/koellich.at\/wp-content\/uploads\/2019\/11\/Unbenanntes-Design-4-768x475.jpg 768w, https:\/\/koellich.at\/wp-content\/uploads\/2019\/11\/Unbenanntes-Design-4.jpg 1618w\" sizes=\"auto, (max-width: 1024px) 100vw, 1024px\" \/><figcaption>Seminarpavillon bei Nacht<\/figcaption><\/figure>\n\n\n\n<figure class=\"wp-block-image\"><img loading=\"lazy\" decoding=\"async\" width=\"1024\" height=\"633\" src=\"https:\/\/koellich.at\/wp-content\/uploads\/2019\/11\/Unbenanntes-Design-9-1024x633.jpg\" alt=\"\" class=\"wp-image-620\" srcset=\"https:\/\/koellich.at\/wp-content\/uploads\/2019\/11\/Unbenanntes-Design-9-1024x633.jpg 1024w, https:\/\/koellich.at\/wp-content\/uploads\/2019\/11\/Unbenanntes-Design-9-300x185.jpg 300w, https:\/\/koellich.at\/wp-content\/uploads\/2019\/11\/Unbenanntes-Design-9-768x475.jpg 768w, https:\/\/koellich.at\/wp-content\/uploads\/2019\/11\/Unbenanntes-Design-9.jpg 1618w\" sizes=\"auto, (max-width: 1024px) 100vw, 1024px\" \/><figcaption>Barfu\u00dfparcours am Strategie-Entwicklungsplatz<\/figcaption><\/figure>\n<\/div>\n\n\n\n<div class=\"wp-block-column is-layout-flow wp-block-column-is-layout-flow\">\n<div style=\"height:10px\" aria-hidden=\"true\" class=\"wp-block-spacer\"><\/div>\n\n\n\n<figure class=\"wp-block-image\"><img loading=\"lazy\" decoding=\"async\" width=\"1024\" height=\"633\" src=\"https:\/\/koellich.at\/wp-content\/uploads\/2019\/11\/shutterstock_image-1024x633.jpg\" alt=\"\" class=\"wp-image-610\" srcset=\"https:\/\/koellich.at\/wp-content\/uploads\/2019\/11\/shutterstock_image-1024x633.jpg 1024w, https:\/\/koellich.at\/wp-content\/uploads\/2019\/11\/shutterstock_image-300x185.jpg 300w, https:\/\/koellich.at\/wp-content\/uploads\/2019\/11\/shutterstock_image-768x475.jpg 768w, https:\/\/koellich.at\/wp-content\/uploads\/2019\/11\/shutterstock_image.jpg 1618w\" sizes=\"auto, (max-width: 1024px) 100vw, 1024px\" \/><figcaption>Strategie-Entwicklungsplatz<\/figcaption><\/figure>\n\n\n\n<figure class=\"wp-block-image\"><img loading=\"lazy\" decoding=\"async\" width=\"1024\" height=\"633\" src=\"https:\/\/koellich.at\/wp-content\/uploads\/2019\/11\/Unbenanntes-Design-2-1024x633.jpg\" alt=\"\" class=\"wp-image-603\" srcset=\"https:\/\/koellich.at\/wp-content\/uploads\/2019\/11\/Unbenanntes-Design-2-1024x633.jpg 1024w, https:\/\/koellich.at\/wp-content\/uploads\/2019\/11\/Unbenanntes-Design-2-300x185.jpg 300w, https:\/\/koellich.at\/wp-content\/uploads\/2019\/11\/Unbenanntes-Design-2-768x475.jpg 768w, https:\/\/koellich.at\/wp-content\/uploads\/2019\/11\/Unbenanntes-Design-2.jpg 1618w\" sizes=\"auto, (max-width: 1024px) 100vw, 1024px\" \/><figcaption>Feuerplatz der Begeisterung<\/figcaption><\/figure>\n\n\n\n<figure class=\"wp-block-image\"><img loading=\"lazy\" decoding=\"async\" width=\"1024\" height=\"633\" src=\"https:\/\/koellich.at\/wp-content\/uploads\/2019\/11\/Unbenanntes-Design-7-1024x633.jpg\" alt=\"\" class=\"wp-image-619\" srcset=\"https:\/\/koellich.at\/wp-content\/uploads\/2019\/11\/Unbenanntes-Design-7-1024x633.jpg 1024w, https:\/\/koellich.at\/wp-content\/uploads\/2019\/11\/Unbenanntes-Design-7-300x185.jpg 300w, https:\/\/koellich.at\/wp-content\/uploads\/2019\/11\/Unbenanntes-Design-7-768x475.jpg 768w, https:\/\/koellich.at\/wp-content\/uploads\/2019\/11\/Unbenanntes-Design-7.jpg 1618w\" sizes=\"auto, (max-width: 1024px) 100vw, 1024px\" \/><figcaption>Gruppenarbeitspl\u00e4tze im Freien<\/figcaption><\/figure>\n\n\n\n<figure class=\"wp-block-image\"><img loading=\"lazy\" decoding=\"async\" width=\"1024\" height=\"633\" src=\"https:\/\/koellich.at\/wp-content\/uploads\/2019\/11\/Unbenanntes-Design-10-1024x633.jpg\" alt=\"\" class=\"wp-image-623\" srcset=\"https:\/\/koellich.at\/wp-content\/uploads\/2019\/11\/Unbenanntes-Design-10-1024x633.jpg 1024w, https:\/\/koellich.at\/wp-content\/uploads\/2019\/11\/Unbenanntes-Design-10-300x185.jpg 300w, https:\/\/koellich.at\/wp-content\/uploads\/2019\/11\/Unbenanntes-Design-10-768x475.jpg 768w, https:\/\/koellich.at\/wp-content\/uploads\/2019\/11\/Unbenanntes-Design-10.jpg 1618w\" sizes=\"auto, (max-width: 1024px) 100vw, 1024px\" \/><figcaption>Schwimmende Pr\u00e4sentationsplattform mit laufendem Perspektivenwechsel<\/figcaption><\/figure>\n<\/div>\n<\/div>\n\n\n\n<p><\/p>\n<\/div><\/section>\n\n\n\n<figure class=\"wp-block-image\"><img decoding=\"async\" src=\"blob:https:\/\/koellich.at\/96ca17e9-0b5c-4336-9129-cb739b8cc88f\" alt=\"\"\/><\/figure>\n\n\n\n<section class=\"wp-block-uagb-section uagb-section__wrap uagb-section__background-color\" id=\"uagb-section-caf60630-0bb1-46e5-a3ed-c0879e74c966\"><div class=\"uagb-section__overlay\"><\/div><div class=\"uagb-section__inner-wrap\">\n<div class=\"wp-block-columns has-2-columns is-layout-flex wp-container-core-columns-is-layout-28f84493 wp-block-columns-is-layout-flex\">\n<div class=\"wp-block-column is-layout-flow wp-block-column-is-layout-flow\">\n<section class=\"wp-block-uagb-section uagb-section__wrap uagb-section__background-undefined\" id=\"uagb-section-a5b5ad76-31d9-4e74-b952-c7955fba9e5d\"><div class=\"uagb-section__overlay\"><\/div><div class=\"uagb-section__inner-wrap\">\n<div class=\"uagb-infobox__outer-wrap\" id=\"uagb-infobox-65e58ede-9066-418d-94a5-b8a63a8b3bc8\"><div class=\"uagb-infobox__content-wrap uagb-infobox uagb-infobox-has-icon uagb-infobox-icon-above-title uagb-infobox-image-valign-top uagb-infobox-enable-border-radius \"><div class=\"uagb-ifb-left-right-wrap\"><div class=\"uagb-ifb-content\"><div class=\"uagb-ifb-title-wrap\"><span class=\"uagb-ifb-title-prefix\">P<\/span><h4 class=\"uagb-ifb-title\">UNSERE KUNDEN SIND BEGEISTERT,<\/h4><\/div><div class=\"uagb-ifb-separator-parent\"><div class=\"uagb-ifb-separator\"><\/div><\/div><div class=\"uagb-ifb-text-wrap\"><p class=\"uagb-ifb-desc\"><em>wenn sie ihre Potentiale erkennen;<br>wenn sie klare Zielsetzungen finden;<br>wenn sie gute Methoden und Werkzeuge bekommen und  <\/em><br><em>wenn sie Schritte setzen und ihre Ziele erreichen.<\/em><\/p><\/div><\/div><\/div><\/div><\/div>\n\n\n\n<p><\/p>\n<\/div><\/section>\n<\/div>\n\n\n\n<div class=\"wp-block-column is-layout-flow wp-block-column-is-layout-flow\">\n<section class=\"wp-block-uagb-section uagb-section__wrap uagb-section__background-undefined\" id=\"uagb-section-e193effd-3835-4f35-b549-8a8ce6f12ac9\"><div class=\"uagb-section__overlay\"><\/div><div class=\"uagb-section__inner-wrap\">\n<div class=\"uagb-infobox__outer-wrap\" id=\"uagb-infobox-8eb70d4c-7dc5-4bd0-913a-9c5307556ab5\"><div class=\"uagb-infobox__content-wrap uagb-infobox uagb-infobox-has-icon uagb-infobox-icon-above-title uagb-infobox-image-valign-top uagb-infobox-enable-border-radius \"><div class=\"uagb-ifb-left-right-wrap\"><div class=\"uagb-ifb-content\"><div class=\"uagb-ifb-title-wrap\"><span class=\"uagb-ifb-title-prefix\">P<\/span><h4 class=\"uagb-ifb-title\">WELCHEN NUTZEN HABEN SIE?<\/h4><\/div><div class=\"uagb-ifb-separator-parent\"><div class=\"uagb-ifb-separator\"><\/div><\/div><div class=\"uagb-ifb-text-wrap\"><p class=\"uagb-ifb-desc\"><em>Sie st\u00e4rken<\/em> Ihre Basis mit Ihren eigenen Potentialen und finden Klarheit f\u00fcr Ihre Ausrichtung.<br>Sie erhalten praktische Werkzeuge, mit denen Sie eine wirkungsvolle Kommunikation und eine effiziente Umsetzung Ihrer Vorhaben gew\u00e4hrleisten. <br><\/p><\/div><\/div><\/div><\/div><\/div>\n<\/div><\/section>\n<\/div>\n<\/div>\n\n\n\n<p><\/p>\n<\/div><\/section>\n","protected":false},"excerpt":{"rendered":"","protected":false},"author":1,"featured_media":0,"parent":0,"menu_order":0,"comment_status":"closed","ping_status":"closed","template":"","meta":{"_uag_custom_page_level_css":"","site-sidebar-layout":"no-sidebar","site-content-layout":"page-builder","ast-site-content-layout":"","site-content-style":"default","site-sidebar-style":"default","ast-global-header-display":"","ast-banner-title-visibility":"","ast-main-header-display":"","ast-hfb-above-header-display":"","ast-hfb-below-header-display":"","ast-hfb-mobile-header-display":"","site-post-title":"disabled","ast-breadcrumbs-content":"","ast-featured-img":"disabled","footer-sml-layout":"","theme-transparent-header-meta":"enabled","adv-header-id-meta":"","stick-header-meta":"","header-above-stick-meta":"","header-main-stick-meta":"","header-below-stick-meta":"","astra-migrate-meta-layouts":"default","ast-page-background-enabled":"default","ast-page-background-meta":{"desktop":{"background-color":"","background-image":"","background-repeat":"repeat","background-position":"center center","background-size":"auto","background-attachment":"scroll","background-type":"","background-media":"","overlay-type":"","overlay-color":"","overlay-opacity":"","overlay-gradient":""},"tablet":{"background-color":"","background-image":"","background-repeat":"repeat","background-position":"center center","background-size":"auto","background-attachment":"scroll","background-type":"","background-media":"","overlay-type":"","overlay-color":"","overlay-opacity":"","overlay-gradient":""},"mobile":{"background-color":"","background-image":"","background-repeat":"repeat","background-position":"center center","background-size":"auto","background-attachment":"scroll","background-type":"","background-media":"","overlay-type":"","overlay-color":"","overlay-opacity":"","overlay-gradient":""}},"ast-content-background-meta":{"desktop":{"background-color":"var(--ast-global-color-5)","background-image":"","background-repeat":"repeat","background-position":"center center","background-size":"auto","background-attachment":"scroll","background-type":"","background-media":"","overlay-type":"","overlay-color":"","overlay-opacity":"","overlay-gradient":""},"tablet":{"background-color":"var(--ast-global-color-5)","background-image":"","background-repeat":"repeat","background-position":"center center","background-size":"auto","background-attachment":"scroll","background-type":"","background-media":"","overlay-type":"","overlay-color":"","overlay-opacity":"","overlay-gradient":""},"mobile":{"background-color":"var(--ast-global-color-5)","background-image":"","background-repeat":"repeat","background-position":"center center","background-size":"auto","background-attachment":"scroll","background-type":"","background-media":"","overlay-type":"","overlay-color":"","overlay-opacity":"","overlay-gradient":""}},"footnotes":""},"class_list":["post-273","page","type-page","status-publish","hentry"],"yoast_head":"<!-- This site is optimized with the Yoast SEO plugin v24.9 - https:\/\/yoast.com\/wordpress\/plugins\/seo\/ -->\n<title>Location - Ing. Johann K\u00f6llich<\/title>\n<meta name=\"robots\" content=\"index, follow, max-snippet:-1, max-image-preview:large, max-video-preview:-1\" \/>\n<link rel=\"canonical\" href=\"https:\/\/koellich.at\/index.php\/services\/\" \/>\n<meta property=\"og:locale\" content=\"de_DE\" \/>\n<meta property=\"og:type\" content=\"article\" \/>\n<meta property=\"og:title\" content=\"Location - Ing. Johann K\u00f6llich\" \/>\n<meta property=\"og:url\" content=\"https:\/\/koellich.at\/index.php\/services\/\" \/>\n<meta property=\"og:site_name\" content=\"Ing. Johann K\u00f6llich\" \/>\n<meta property=\"article:modified_time\" content=\"2019-11-05T11:05:35+00:00\" \/>\n<meta property=\"og:image\" content=\"https:\/\/koellich.at\/wp-content\/uploads\/2019\/11\/Unbenanntes-Design-6.jpg\" \/>\n\t<meta property=\"og:image:width\" content=\"1618\" \/>\n\t<meta property=\"og:image:height\" content=\"1000\" \/>\n\t<meta property=\"og:image:type\" content=\"image\/jpeg\" \/>\n<meta name=\"twitter:card\" content=\"summary_large_image\" \/>\n<meta name=\"twitter:label1\" content=\"Gesch\u00e4tzte Lesezeit\" \/>\n\t<meta name=\"twitter:data1\" content=\"1\u00a0Minute\" \/>\n<script type=\"application\/ld+json\" class=\"yoast-schema-graph\">{\"@context\":\"https:\/\/schema.org\",\"@graph\":[{\"@type\":\"WebPage\",\"@id\":\"https:\/\/koellich.at\/index.php\/services\/\",\"url\":\"https:\/\/koellich.at\/index.php\/services\/\",\"name\":\"Location - Ing. Johann K\u00f6llich\",\"isPartOf\":{\"@id\":\"https:\/\/koellich.at\/#website\"},\"primaryImageOfPage\":{\"@id\":\"https:\/\/koellich.at\/index.php\/services\/#primaryimage\"},\"image\":{\"@id\":\"https:\/\/koellich.at\/index.php\/services\/#primaryimage\"},\"thumbnailUrl\":\"https:\/\/koellich.at\/wp-content\/uploads\/2019\/11\/Unbenanntes-Design-6-1024x633.jpg\",\"datePublished\":\"2018-11-27T09:17:28+00:00\",\"dateModified\":\"2019-11-05T11:05:35+00:00\",\"breadcrumb\":{\"@id\":\"https:\/\/koellich.at\/index.php\/services\/#breadcrumb\"},\"inLanguage\":\"de\",\"potentialAction\":[{\"@type\":\"ReadAction\",\"target\":[\"https:\/\/koellich.at\/index.php\/services\/\"]}]},{\"@type\":\"ImageObject\",\"inLanguage\":\"de\",\"@id\":\"https:\/\/koellich.at\/index.php\/services\/#primaryimage\",\"url\":\"https:\/\/koellich.at\/wp-content\/uploads\/2019\/11\/Unbenanntes-Design-6.jpg\",\"contentUrl\":\"https:\/\/koellich.at\/wp-content\/uploads\/2019\/11\/Unbenanntes-Design-6.jpg\",\"width\":1618,\"height\":1000},{\"@type\":\"BreadcrumbList\",\"@id\":\"https:\/\/koellich.at\/index.php\/services\/#breadcrumb\",\"itemListElement\":[{\"@type\":\"ListItem\",\"position\":1,\"name\":\"Home\",\"item\":\"https:\/\/koellich.at\/\"},{\"@type\":\"ListItem\",\"position\":2,\"name\":\"Location\"}]},{\"@type\":\"WebSite\",\"@id\":\"https:\/\/koellich.at\/#website\",\"url\":\"https:\/\/koellich.at\/\",\"name\":\"Ing. Johann K\u00f6llich\",\"description\":\"Menschen begeistern\",\"publisher\":{\"@id\":\"https:\/\/koellich.at\/#organization\"},\"potentialAction\":[{\"@type\":\"SearchAction\",\"target\":{\"@type\":\"EntryPoint\",\"urlTemplate\":\"https:\/\/koellich.at\/?s={search_term_string}\"},\"query-input\":{\"@type\":\"PropertyValueSpecification\",\"valueRequired\":true,\"valueName\":\"search_term_string\"}}],\"inLanguage\":\"de\"},{\"@type\":\"Organization\",\"@id\":\"https:\/\/koellich.at\/#organization\",\"name\":\"Ing. Johann K\u00f6llich\",\"url\":\"https:\/\/koellich.at\/\",\"logo\":{\"@type\":\"ImageObject\",\"inLanguage\":\"de\",\"@id\":\"https:\/\/koellich.at\/#\/schema\/logo\/image\/\",\"url\":\"https:\/\/koellich.at\/wp-content\/uploads\/2019\/11\/cropped-energiefeld_red4_139_0_0_unternehmensberatung-e1574594792497.png\",\"contentUrl\":\"https:\/\/koellich.at\/wp-content\/uploads\/2019\/11\/cropped-energiefeld_red4_139_0_0_unternehmensberatung-e1574594792497.png\",\"width\":60,\"height\":59,\"caption\":\"Ing. Johann K\u00f6llich\"},\"image\":{\"@id\":\"https:\/\/koellich.at\/#\/schema\/logo\/image\/\"}}]}<\/script>\n<!-- \/ Yoast SEO plugin. -->","yoast_head_json":{"title":"Location - Ing. Johann K\u00f6llich","robots":{"index":"index","follow":"follow","max-snippet":"max-snippet:-1","max-image-preview":"max-image-preview:large","max-video-preview":"max-video-preview:-1"},"canonical":"https:\/\/koellich.at\/index.php\/services\/","og_locale":"de_DE","og_type":"article","og_title":"Location - Ing. Johann K\u00f6llich","og_url":"https:\/\/koellich.at\/index.php\/services\/","og_site_name":"Ing. Johann K\u00f6llich","article_modified_time":"2019-11-05T11:05:35+00:00","og_image":[{"width":1618,"height":1000,"url":"https:\/\/koellich.at\/wp-content\/uploads\/2019\/11\/Unbenanntes-Design-6.jpg","type":"image\/jpeg"}],"twitter_card":"summary_large_image","twitter_misc":{"Gesch\u00e4tzte Lesezeit":"1\u00a0Minute"},"schema":{"@context":"https:\/\/schema.org","@graph":[{"@type":"WebPage","@id":"https:\/\/koellich.at\/index.php\/services\/","url":"https:\/\/koellich.at\/index.php\/services\/","name":"Location - Ing. Johann K\u00f6llich","isPartOf":{"@id":"https:\/\/koellich.at\/#website"},"primaryImageOfPage":{"@id":"https:\/\/koellich.at\/index.php\/services\/#primaryimage"},"image":{"@id":"https:\/\/koellich.at\/index.php\/services\/#primaryimage"},"thumbnailUrl":"https:\/\/koellich.at\/wp-content\/uploads\/2019\/11\/Unbenanntes-Design-6-1024x633.jpg","datePublished":"2018-11-27T09:17:28+00:00","dateModified":"2019-11-05T11:05:35+00:00","breadcrumb":{"@id":"https:\/\/koellich.at\/index.php\/services\/#breadcrumb"},"inLanguage":"de","potentialAction":[{"@type":"ReadAction","target":["https:\/\/koellich.at\/index.php\/services\/"]}]},{"@type":"ImageObject","inLanguage":"de","@id":"https:\/\/koellich.at\/index.php\/services\/#primaryimage","url":"https:\/\/koellich.at\/wp-content\/uploads\/2019\/11\/Unbenanntes-Design-6.jpg","contentUrl":"https:\/\/koellich.at\/wp-content\/uploads\/2019\/11\/Unbenanntes-Design-6.jpg","width":1618,"height":1000},{"@type":"BreadcrumbList","@id":"https:\/\/koellich.at\/index.php\/services\/#breadcrumb","itemListElement":[{"@type":"ListItem","position":1,"name":"Home","item":"https:\/\/koellich.at\/"},{"@type":"ListItem","position":2,"name":"Location"}]},{"@type":"WebSite","@id":"https:\/\/koellich.at\/#website","url":"https:\/\/koellich.at\/","name":"Ing. Johann K\u00f6llich","description":"Menschen begeistern","publisher":{"@id":"https:\/\/koellich.at\/#organization"},"potentialAction":[{"@type":"SearchAction","target":{"@type":"EntryPoint","urlTemplate":"https:\/\/koellich.at\/?s={search_term_string}"},"query-input":{"@type":"PropertyValueSpecification","valueRequired":true,"valueName":"search_term_string"}}],"inLanguage":"de"},{"@type":"Organization","@id":"https:\/\/koellich.at\/#organization","name":"Ing. Johann K\u00f6llich","url":"https:\/\/koellich.at\/","logo":{"@type":"ImageObject","inLanguage":"de","@id":"https:\/\/koellich.at\/#\/schema\/logo\/image\/","url":"https:\/\/koellich.at\/wp-content\/uploads\/2019\/11\/cropped-energiefeld_red4_139_0_0_unternehmensberatung-e1574594792497.png","contentUrl":"https:\/\/koellich.at\/wp-content\/uploads\/2019\/11\/cropped-energiefeld_red4_139_0_0_unternehmensberatung-e1574594792497.png","width":60,"height":59,"caption":"Ing. Johann K\u00f6llich"},"image":{"@id":"https:\/\/koellich.at\/#\/schema\/logo\/image\/"}}]}},"uagb_featured_image_src":{"full":false,"thumbnail":false,"medium":false,"medium_large":false,"large":false,"1536x1536":false,"2048x2048":false},"uagb_author_info":{"display_name":"admin","author_link":"https:\/\/koellich.at\/index.php\/author\/hanskoellich\/"},"uagb_comment_info":0,"uagb_excerpt":null,"_links":{"self":[{"href":"https:\/\/koellich.at\/index.php\/wp-json\/wp\/v2\/pages\/273","targetHints":{"allow":["GET"]}}],"collection":[{"href":"https:\/\/koellich.at\/index.php\/wp-json\/wp\/v2\/pages"}],"about":[{"href":"https:\/\/koellich.at\/index.php\/wp-json\/wp\/v2\/types\/page"}],"author":[{"embeddable":true,"href":"https:\/\/koellich.at\/index.php\/wp-json\/wp\/v2\/users\/1"}],"replies":[{"embeddable":true,"href":"https:\/\/koellich.at\/index.php\/wp-json\/wp\/v2\/comments?post=273"}],"version-history":[{"count":31,"href":"https:\/\/koellich.at\/index.php\/wp-json\/wp\/v2\/pages\/273\/revisions"}],"predecessor-version":[{"id":648,"href":"https:\/\/koellich.at\/index.php\/wp-json\/wp\/v2\/pages\/273\/revisions\/648"}],"wp:attachment":[{"href":"https:\/\/koellich.at\/index.php\/wp-json\/wp\/v2\/media?parent=273"}],"curies":[{"name":"wp","href":"https:\/\/api.w.org\/{rel}","templated":true}]}}